286799?
True
Does 1168 divide 47532307?
False
Is 627 a factor of 566249338?
False
Does 11 divide 3733992582?
False
Is 17380298 a multiple of 338?
True
Does 1417 divide 162981305?
False
Is 37247371 a multiple of 13?
False
Does 66 divide 27377635?
False
Is 76 a factor of 210174?
False
Is 9 a factor of 897129?
True
Does 55 divide 9145675?
True
Is 662841 a multiple of 9?
True
Does 3 divide 4830856?
False
Does 14 divide 792224645?
False
Does 2637 divide 1422338927?
False
Is 105561820 a multiple of 91?
True
Is 42 a factor of 43771101?
False
Is 24 a factor of 20752824?
True
Is 6 a factor of 117943890?
True
Is 14749090 a multiple of 644?
False
Is 698 a factor of 171948853?
False
Does 1566 divide 116100108?
True
Is 1689 a factor of 45065058?
False
Is 305234241 a multiple of 70?
False
Does 2 divide 56803665?
False
Does 9 divide 103776417?
True
Is 20 a factor of 376820?
True
Is 122 a factor of 105202552?
True
Is 3374 a factor of 31272647?
False
Does 2 divide 10890525?
False
Does 607 divide 749803427?
True
Is 40661335 a multiple of 11?
True
Is 50163301 a multiple of 31?
True
Does 7 divide 106362305?
True
Is 1284276012 a multiple of 244?
False
Is 21809846 a multiple of 79?
True
Is 44716 a multiple of 7?
True
Does 3235 divide 2345219720?
True
Does 3206 divide 409846077?
False
Is 259 a factor of 26106116?
False
Does 19 divide 47449897?
True
Is 40665757 a multiple of 209?
True
Does 50 divide 29065336?
False
Is 21666414 a multiple of 462?
True
Does 907 divide 7160004?
False
Is 19456454 a multiple of 65?
False
Is 4136 a factor of 494105925?
False
Is 222248585 a multiple of 1733?
True
Is 10628100 a multiple of 49?
True
Is 2779949405 a multiple of 199?
True
Does 3 divide 1018179657?
True
Does 10 divide 62857206?
False
Does 274 divide 282758805?
False
Is 48 a factor of 293995799?
False
Is 8584632 a multiple of 24?
True
Is 547758020 a multiple of 13?
False
Is 8 a factor of 374149736?
True
Does 32 divide 48277984?
True
Is 519842 a multiple of 8?
False
Does 352 divide 34793660?
False
Is 648 a factor of 168059448?
True
Is 52647378 a multiple of 2?
True
Is 1549854 a multiple of 4?
False
Is 9445627 a multiple of 173?
True
Is 7438 a factor of 848135945?
False
Is 73002341 a multiple of 17?
False
Is 152 a factor of 284111560?
True
Is 7 a factor of 61150635?
True
Does 7 divide 133282081?
False
Is 5 a factor of 509116650?
True
Is 2 a factor of 18295227?
False
Does 766 divide 7943150?
False
Is 62 a factor of 178472987?
False
Does 33 divide 231647213?
False
Is 333947376 a multiple of 2604?
True
Does 316 divide 1639613177?
False
Is 338 a factor of 126916634?
True
Does 1196 divide 36387849?
False
Does 96 divide 3097397856?
True
Is 35912468 a multiple of 8?
False
Is 1816328185 a multiple of 7?
True
Does 14 divide 76284570?
False
Is 6757 a factor of 6188195740?
True
Does 50 divide 1505808950?
True
Does 32 divide 122060028?
False
Is 444242706 a multiple of 352?
False
Does 601 divide 967073908?
True
Is 366 a factor of 16045418?
False
Is 22 a factor of 243179288?
True
Does 31 divide 434156215?
False
Is 100628454 a multiple of 4798?
True
Does 89 divide 14381012?
False
Does 1156 divide 121163828?
True
Does 10 divide 44824280?
True
Is 261009460 a multiple of 57?
False
Is 999 a factor of 634269096?
True
Does 577 divide 1339550948?
False
Does 416 divide 32120192?
True
Is 987 a factor of 26904633?
True
Does 193 divide 3612574?
True
Does 5 divide 30773071?
False
Does 391 divide 33864065?
False
Does 310 divide 181082160?
True
Is 87879154 a multiple of 451?
True
Does 83 divide 123539441?
True
Is 226 a factor of 2300552139?
False
Does 2113 divide 72192758?
True
Is 1001368103 a multiple of 1331?
False
Is 6904668 a multiple of 17?
False
Does 217 divide 40926310?
False
Is 314588652 a multiple of 444?
True
Is 908604 a multiple of 62?
False
Is 236185740 a multiple of 20?
True
Does 97 divide 525880594?
False
Is 1292607867 a multiple of 4?
False
Is 10085470 a multiple of 1526?
False
Is 262025764 a multiple of 1364?
True
Does 3153 divide 96730326?
False
Is 446 a factor of 149446240?
False
Is 1011524631 a multiple of 13?
True
Is 1394 a factor of 306921403?
False
Is 53777144 a multiple of 38?
True
Is 3289 a factor of 185034800?
False
Is 5 a factor of 647576?
False
Is 2510 a factor of 117849520?
True
Is 38164526 a multiple of 9?
False
Is 34 a factor of 1361466930?
True
Does 258 divide 6564036?
True
Does 5 divide 747241512?
False
Does 36 divide 264835692?
True
Is 28 a factor of 2242604?
True
Does 448 divide 23723392?
True
Does 97 divide 4073980?
False
Is 446107685 a multiple of 578?
False
Does 26 divide 69016120?
False
Is 10255815 a multiple of 305?
False
Does 26 divide 69940494?
True
Is 1067165255 a multiple of 13?
True
Is 26145018 a multiple of 81?
True
Does 2698 divide 323137861?
False
Does 349 divide 38341838?
True
Is 557 a factor of 4658248?
False
Is 7 a factor of 42630714?
True
Is 81801721 a multiple of 133?
False
Does 16 divide 13667248?
True
Is 134840455 a multiple of 11?
False
Does 28 divide 613339552?
True
Does 120 divide 31906958?
False
Does 568 divide 17459184?
True
Does 238 divide 85625427?
False
Is 39 a factor of 197956038?
False
Is 4900500 a multiple of 238?
False
Does 19 divide 43403558?
False
Is 3084 a factor of 47196550?
False
Is 144 a factor of 15431458?
False
Is 608 a factor of 290947005?
False
Does 38 divide 290118182?
True
Does 18 divide 755877012?
False
Does 1721 divide 79619390?
False
Is 1587673 a multiple of 378?
False
Is 12 a factor of 111625667?
False
Is 187 a factor of 221842027?
True
Does 1533 divide 27173906?
False
Does 2815 divide 3608765255?
True
Is 2314 a factor of 19159494?
False
Is 94 a factor of 46716038?
False
Is 42289824 a multiple of 1472?
False
Is 148913744 a multiple of 476?
True
Is 1138033038 a multiple of 100?
False
Is 47 a factor of 65773304?
True
Is 66198614 a multiple of 149?
True
Does 30 divide 96487140?
True
Does 463 divide 809963866?
True
Does 6249 divide 392980390?
False
Is 660 a factor of 8356920?
True
Is 22 a factor of 72446442?
False
Does 72 divide 200593584?
True
Does 94 divide 887070198?
True
Is 19739776 a multiple of 14?
True
Does 20 divide 1515581069?
False
Does 3708 divide 4857480?
True
Is 3431 a factor of 460834765?
True
Does 48 divide 1032196176?
True
Is 1560762336 a multiple of 13?
False
Is 434 a factor of 257587721?
False
Is 16866945 a multiple of 155?
True
Is 45814848 a multiple of 16?
True
Is 39621420 a multiple of 2151?
True
Is 137962625 a multiple of 1021?
True
Is 415 a factor of 48496070?
True
Is 7436 a factor of 451141696?
False
Is 3229 a factor of 114061196?
True
Does 19 divide 72012334?
False
Does 15 divide 2221356354?
False
Is 202 a factor of 927918657?
False
Is 231 a factor of 328911198?
True
Is 1209 a factor of 421642206?
False
Is 1059986067 a multiple of 857?
False
Is 3768435 a multiple of 495?
True
Is 2772702866 a multiple of 66?
False
Does 38 divide 4834132?
True
Is 140565036 a multiple of 4548?
True
Is 1733027481 a multiple of 10090?
False
Is 123159754 a multiple of 4?
False
Is 637878007 a multiple of 156?
False
Does 1853 divide 100231466?
False
Is 290922146 a multiple of 33?
False
Does 2648 divide 6725935552?
False
Is 113815725 a multiple of 775?
True
Is 19258568 a multiple of 196?
True
Does 8 divide 1740292450?
False
Does 45 divide 76343994?
False
Is 11296715 a multiple of 3?
False
Does 175 divide 34779243?
False
Is 2196 a factor of 152606628?
True
Is 34 a factor of 54834078?
True
Is 11424840 a multiple of 20?
True
Does 72 divide 44112240?
True
Does 534 divide 1672123812?
True
Does 32 divide 682354720?
True
Does 29 divide 184345174?
False
Does 31 divide 1303610674?
False
Does 21 divide 158551978?
False
Is 585 a factor of 78405210?
True
Is 945 a factor of 20981116?
False
Does 391 divide 90931742?
True
Is 2339 a factor of 130688561?
False
Does 595 divide 28356451?
False
Is 29708592 a multiple of 65?
False
Is 138 a factor of 51618624?
True
Is 85 a factor of 39256485?
True
Does 22 divide 570472606?
True
Does 26 divide 151113695?
False
Is 12017 a factor of 695298227?
False
Is 688 a factor of 43538154?
False
Does 3198 divide 607268988?
False
Is 167090 a multiple of 341?
True
Is 1389749570 a multiple of 55?
True
Is 10 a factor of 3662661?
False
Is 2177833770 a multiple of 570?
True
Is 174 a factor of 63509804?
False
Is 23308680 a